te?
False
Let q = -12 + 15. Suppose 0 = x - 3*s - 137, 4*x - 365 - 165 = q*s. Is x prime?
True
Suppose 7*z - 4*z - 8070 = 0. Suppose 4*k - z = -5*g, 2*k = -5*g + g + 2158. Is 4/6 + g/6 a prime number?
False
Let v be -2 + ((-3)/(-1) - -1). Suppose -k + v*k = 5*u + 23, 2*k - u = 10. Suppose -2*c + 5*j + 55 = 0, -k*c + 4*j = -6*c + 25. Is c a composite number?
True
Let f = 32 - 9. Is f composite?
False
Let i be (-1)/(-3) + (-111)/9. Let z(g) = -8*g - 7. Is z(i) prime?
True
Let k be (3/6)/((-2)/3728). Let p be (k/(-10))/((-2)/(-5)). Suppose 2*s + p = 5*j + s, -j + s = -49. Is j a composite number?
True
Suppose -1 - 2 = 3*k. Is k/(-3) - (-2112)/9 prime?
False
Let t = -234 - -1493. Is t a prime number?
True
Let h(s) = s**3 + 3*s**2 - 3*s + 1. Let z be h(-4). Let c be 11/(-2*z/(-42)). Let a = c - -218. Is a composite?
True
Suppose 2*c + 2 = -0*c - k, 0 = -2*k. Is (-845)/(-4) - c/(-4) composite?
False
Let r(k) = 3*k**2 - 6*k + 4. Let u be r(8). Suppose -3*a = 4*i - 111, i - u = -3*a - a. Is a prime?
True
Let l = -331 + 554. Is l a prime number?
True
Suppose -w = 2*m + 6, w - m = -2 + 5. Suppose -5*x + 1475 = -w*x. Is x a composite number?
True
Let k(l) = -18*l**3 - 3*l**2 + 2*l - 4. Is k(-5) a composite number?
False
Let b = 19 - 47. Let y = b + 62. Is y composite?
True
Let n = -4 + 8. Let f be 358/8 + n/16. Let y = f - -41. Is y a composite number?
True
Let s(p) = -p**2 + 6*p - 3. Let q be s(5). Suppose -q*l = -0*l - 154. Is l a prime number?
False
Suppose 0 = 20*w - 18*w - 2468. Is w a composite number?
True
Let h(f) = 3*f**2 + 20*f - 13. Is h(10) composite?
False
Suppose -3*l - 2*h + 6 = 2, 0 = 2*l - 3*h + 6. Suppose 3*u + 28 = x + 4*u, l = -x - 4*u + 19. Is x a composite number?
False
Let f = 101 - -118. Is f prime?
False
Let x(r) = 6*r + 1. Let u be x(2). Let o = u + -9. Suppose 32 = 4*c - 5*m + m, -3*c = o*m - 45. Is c a composite number?
False
Let z = 1268 - 351. Is z composite?
True
Suppose 5*u - 15 = 5*h, -4*u + h + 2*h + 13 = 0. Let o be u + (3 - (3 + 2)). Suppose -o*l - 385 = -1055. Is l composite?
True
Suppose 0*q = 5*x - 2*q + 4609, -5*x = 4*q + 4597. Let h = -452 - x. Is h a prime number?
False
Is (-4)/6*6090/(-20) a prime number?
False
Suppose r + 7 = 5*q, 4*r - 7 = 3*q - 1. Suppose x = r*w + 100 - 584, 2*w + x = 331. Suppose -3*g = 2*z - w, -4*g + 214 = -3*z + 4*z. Is g a composite number?
False
Let m = 2539 - 736. Is m a prime number?
False
Let w(m) = 80*m**2 + 2*m - 7. Is w(6) a prime number?
False
Is (-1081)/(-2) + (-7)/(-14) composite?
False
Let w be -73*((-6)/2 - 2). Let f = w - 635. Is (-3)/4 - f/8 prime?
False
Let p(x) = -x**3 - 7*x**2 - 8*x - 1. Let b(l) = -l**2 - 7*l - 8. Let h be b(-7). Is p(h) a composite number?
False
Suppose 745 = 3*l + 2*l. Is l a composite number?
False
Let z(b) = -3*b. Let t be z(-1). Suppose -3*p + 387 = 3*j, -248 = t*p - 5*p + 3*j. Is p composite?
False
Suppose 23*x + 5710 = 25*x. Is x a prime number?
False
Let q(h) = 2*h**3 + 10*h**2 + h + 1. Let d(s) = -5*s**3 - 29*s**2 - 3*s - 2. Let n(c) = -3*d(c) - 8*q(c). Is n(5) prime?
True
Is 25784/22*(-1 + (-14)/(-8)) a prime number?
False
Suppose -17*n = -43798 - 39179. Is n a composite number?
True
Let b = 2 + 2. Let n be (2 + -21)/(2/b). Is 21/2*n/(-3) a prime number?
False
Suppose -4*u + 5*o + 6 = 0, 0 = 2*u - 5*o + o. Suppose 0 = m + 3*m - u*r - 144, 2*r = 0. Suppose -5*p = m - 151. Is p composite?
False
Let z(u) = u - 1. Let w(o) = 35*o - 42. Let x(k) = w(k) - 42*z(k). Is x(-5) a prime number?
False
Suppose 0 = -j - 18 + 181. Is j composite?
False
Let a(i) = i**2 - 2*i + 67*i**3 - i - i + 3*i. Is a(1) a prime number?
True
Let b(p) = 108*p**3 - 4*p**2 + 3*p - 8. Is b(3) a composite number?
True
Let r(u) = -u + 6. Suppose 0 = 2*m + 5*p + 10, 7*m - 6*m = -4*p - 8. Let o be r(m). Let z = -4 + o. Is z composite?
False
Suppose q - 4*x - 419 = 0, 0 = -5*q + x - 4*x + 2210. Is q a prime number?
True
Let g = 30 - 7. Is g prime?
True
Suppose 13*r = 10*r + 9. Suppose 2*b - 266 = -5*y, -r*b + 4*y = 6*y - 399. Is b composite?
True
Let g = 1161 + -589. Let p = -279 + g. Is p a composite number?
False
Let f(d) = -2*d + 7. Let v(h) = h**2 - 1. Let y be v(1). Suppose y = 2*b + 8, -3*c + 2*b - 6 = -c. Is f(c) prime?
False
Let q(t) = -32*t - 2. Let p be q(-7). Suppose p = 4*j + 2*h, -5*j = -3*j - h - 101. Is j composite?
False
Let m(j) = -j**3 - 8*j**2 - 4*j - 10. Let c(d) = -2*d**2 - d - 1. Let g be c(-2). Let k be m(g). Let v = -22 - k. Is v a composite number?
True
Let s(b) = -103*b**2 + 96*b**2 + 4*b + 4*b**3 - 3*b**3 - 5. Suppose -3*c - 7 = -28. Is s(c) prime?
True
Let b = -491 - -918. Suppose -3*z = 3*u - 636, 2*z = -0*z - 5*u + b. Is z a prime number?
True
Suppose -6*p + 7*p = -68. Let z = 1 - p. Is z composite?
True
Suppose -82 = -4*g + 142. Let v be 349/4 + (-5)/20. Let o = v - g. Is o a prime number?
True
Let o(w) = 2*w**3 - 12*w**2 - 10*w + 1. Is o(9) composite?
False
Suppose -3*k = -15, 4*r + 3*k = r + 4098. Is r a composite number?
False
Let w(j) = j**2 + 7*j + 2. Let t(k) = -6*k**2 + k**3 - 7 + k - 4*k + 3*k. Let f be t(6). Is w(f) a composite number?
False
Let u = -4 - -5. Let r = 2 - u. Let y(f) = 21*f**3 - f + 1. Is y(r) composite?
True
Suppose i - 4*i - 18 = 2*g, 5*i = 20. Is (-1189)/(-3) + (-10)/g a composite number?
False
Let s = 480 - 33. Suppose -328 = -5*r + s. Is r prime?
False
Let u be (2/(-1))/(2 - 0). Let g be u*(2/(-1) + -32). Is -2*(-5)/4*g a composite number?
True
Suppose -v - v = -4. Suppose -3*l + 10 = l + v*a, -4*l - 3*a + 9 = 0. Suppose -4*w + l = -3*m, -3*m - 6 = 2*w - 7*w. Is m a prime number?
True
Let s(i) = -i**3 + 6*i**2 + 6*i + 7. Let r be s(7). Suppose -k - 2*k + 282 = r. Suppose 5*w = 3*w + k. Is w composite?
False
Suppose 6 = 2*h - 2*b, 5*b - 5 = -h - 4*h. Suppose -h*y + 2*u + 594 = 0, -313 = -y + 2*u + 3*u. Is y composite?
False
Suppose 0 = -22*q + 26*q - 9340. Is q a composite number?
True
Suppose q - 286 = -3*h, -6*h + 375 = -2*h - 5*q. Is h a prime number?
False
Let n(k) = 983*k + 84. Is n(5) a composite number?
False
Suppose 2 = -4*o + 10. Suppose -6*s - 1 + 13 = 0. Suppose 2*j + 1 = j - o*i, -3*i + s = 2*j. Is j a prime number?
True
Let t(b) = b**2 + 3*b + 13. Suppose s + 39 = -4*s + 3*j, 4*s - 4*j + 28 = 0. Is t(s) composite?
False
Let i(j) = 115*j. Let o be i(1). Suppose -4*q + o = q. Is q a composite number?
False
Is 211 - (-4)/12*0 a composite number?
False
Let d = -461 - -862. Is d composite?
False
Let p(q) = q**2 + 3*q + 6. Let s be p(-3). Suppose 3*n + b + 129 = 0, 2*n = 4*n + b + 85. Is n/s*(-3)/2 a prime number?
True
Let h(t) = 9*t**2 + 15*t + 7. Let p be (-2)/3 + 336/(-36). Is h(p) a composite number?
False
Let u = 49 + -39. Is u a prime number?
False
Let w be (-47)/(-7) + (-6)/(-21). Is (10 - 9)*w*7 prime?
False
Suppose 4*x + 36 = -2*x. Is (-514)/x - (-14)/(-21) a composite number?
True
Let x(u) = -u**3 - 11*u**2 - 10*u. Let f be x(-10). Suppose -2*k + f*k + 838 = 0. Is k prime?
True
Suppose 3*d + 2*x = -4, 4*d + 3*x + 12 = -x. Is 3/(-6) + 103/d composite?
True
Let v = -15 + 9. Let m(f) = -7*f + 7. Let w(t) = 13*t - 14. Let z(r) = -5*m(r) - 3*w(r). Is z(v) prime?
True
Suppose -4*k + 1361 = x + k, 5*x = -k + 6805. Is x a composite number?
False
Suppose -999 = -4*w - 211. Let i = w - 106. Is i composite?
True
Suppose -2*s = s - 45. Suppose 3*p + 0*p - s = 0. Suppose -p*r + 21 = -2*r. Is r a composite number?
False
Suppose 2*v - 807 - 335 = 0. Is v prime?
True
Let c(y) = 27*y**2 + 2*y + 3. Is c(4) prime?
True
Let m(u) = 5*u**2 + 4*u - 2. Suppose 5*y + 11 = 2*j + 30, 5*y - 22 = j. Is m(j) composite?
True
Let c(h) = 8*h - 13. Is c(8) prime?
False
Is (4849/(-39))/(1/(-15)) a composite number?
True
Let n be 2582/3 + 22/(-33). Suppose 5*l - 653 = q - 4*q, 0 = -4*q - 4*l + n. Is q a prime number?
True
Is 1397/22*(-14)/(-1) prime?
False
Let l(m) be the second derivative of m**4/6 - m**3 + 9*m**2/2 + 3*m. Is l(8) a composite number?
False
Let m(q) be the third derivative of -31*q**4/6 + q**3/6 - 5*q**2. Is m(-4) composite?
True
Let d be (4/6)/(7/147). Is -1 + (d - (-4 + 3)) a composite number?
True
Suppose 0*r = -r - 6. Is 10/r*(-255)/5 prime?
False
Suppose -15 = -k + j, 7*j + 15 = 4*j. Let m be (-5)/2*(-8)/k. Let x(z) = 5*z - 1. Is x(m) prime?
False
Suppose -m = -3*g - 3 + 4, 0 = -4*g + 4. Suppose -m*j = -4*j + 74. Is